12/28.
2, 5, 19
Let o(w) = -22*w**2 + 6*w - 15. Let f be o(-6). Let t be (-6)/27 - f/27. Suppose n - t = -9. What are the prime factors of n?
2, 11
Suppose 0 = 3*u + 2*u + 5*t - 25, 5*u - 2*t = 18. Suppose 4*s - 83 = -y, -u*y + 6*s = 3*s - 275. List the prime factors of y.
71
Let v = -10 + 3. List the prime factors of (-3)/(-7) - 74/v.
11
Let u = -56 - -53. Let b(t) = -25*t + 9. What are the prime factors of b(u)?
2, 3, 7
Let w be 10/15 - 438/(-18). Suppose 0 = -x + 6 + w. List the prime factors of x.
31
Let s = -82 + 84. Suppose -a + 5*k + 96 = -67, s*a + 2*k = 290. List the prime factors of a.
2, 37
What are the prime factors of 415 + (1/2 - 7/2)?
2, 103
Let a(c) = c**2 + 17*c - 27. List the prime factors of a(11).
281
Let q(d) be the third derivative of 7*d**5/30 - d**4/6 + 2*d**3 + 42*d**2. What are the prime factors of q(-4)?
2, 3, 7
Let c(r) = -r + 4. Let w = 0 + 4. Let o be c(w). List the prime factors of -1 + 5 + o + 22.
2, 13
Suppose 2*r + 46 = -44. Let u be 17/7 + r/105. Suppose 120 = 2*l + u*l. What are the prime factors of l?
2, 3, 5
Suppose -7509 = -2*y - 3*d, 3019 - 10522 = -2*y - 5*d. What are the prime factors of y?
3, 7, 179
Let b = 73 - -417. List the prime factors of b.
2, 5, 7
Let q = -24 + 132. Let j = q - 18. What are the prime factors of j?
2, 3, 5
Let l be (123*2/(-15))/((-1)/5). Suppose v + 460 = 4*a - 2*v, 0 = -5*v. Let z = a - l. List the prime factors of z.
3, 11
Let j = 786 + 127. List the prime factors of j.
11, 83
Suppose 0 = 5*d - 10*m + 14*m - 46, 4*m - 10 = d. Suppose 3*j - d*j = -504. List the prime factors of j.
2, 3, 7
Suppose -2*g + 16 = 4. Let b be 219/g*-2 - -3. Let t = b - -98. List the prime factors of t.
2, 7
Let g(q) = 2*q**2 + 4*q + 10. Let u be g(-7). Suppose 4*i = 4*m + u, 5*i - 3*m - 11 = 89. What are the prime factors of i?
2, 5
Suppose -4*w + 14210 = -2*m, 2*w + 19*m - 7120 = 15*m. What are the prime factors of w?
2, 1777
Let d(g) = -5*g**3. Let r be d(-2). Let m(o) = -3*o - 6. Let s be m(-4). Suppose a + r = s*a. What are the prime factors of a?
2
Let m(l) = -48*l - 4. Let h be m(-5). Let d = -88 + h. What are the prime factors of d?
2, 37
Let o(u) = u**2 - 2. Let r be o(-2). Suppose -r*q - 5*y - 147 = 0, -3*y + 7 = -2*q - 132. Let m = -30 - q. What are the prime factors of m?
41
Let r be 1/((-2)/1 - -3). Let a be (-16)/4 + 9/r. Suppose 67 = a*y - 88. List the prime factors of y.
31
Suppose 0 = z + 120 - 321. List the prime factors of z.
3, 67
What are the prime factors of ((-1250)/(-3))/((-10)/(-15))?
5
Let n = -14 - -16. Suppose -4*o = -6 + n. List the prime factors of o*(-5)/3*-3.
5
Let s = 14 - 8. Suppose -s*g + 95 + 7 = 0. Let w = 52 - g. List the prime factors of w.
5, 7
Let w = 3 - 0. Let o(y) = -13*y - 46*y**2 - 9 + 2*y**3 + y**w + 37*y**2 - 4*y**3. List the prime factors of o(-8).
31
Let q be 7/((-1 - -2)*(-4)/568). What are the prime factors of -4*(-2)/48 + q/(-12)?
83
Let n(b) = b**3 + 12*b**2 + 34*b - 71. What are the prime factors of n(11)?
2, 1543
Let i = 825 + -633. Suppose 0*y - 2*q - 194 = -4*y, -5*y = 3*q - 237. Suppose -5*a + y + i = 0. What are the prime factors of a?
2, 3
Let b = -216 - -378. What are the prime factors of b?
2, 3
Suppose 118*i - 24*i - 119474 = 0. What are the prime factors of i?
31, 41
Let r = -39 + 28. Let g = r + 18. Suppose -n - 4*c + g = -c, -3*n - 3*c = -51. What are the prime factors of n?
2, 11
Let m = 19 + -17. Suppose m*h - 4 = 2. Let p(n) = 18*n + 6. What are the prime factors of p(h)?
2, 3, 5
Suppose -4*m = -0*m + 4*j - 24, -5*j = -m. Suppose -m*c - 5 = -20, c = 4*t - 109. List the prime factors of t.
2, 7
Let o(f) = -3*f - 1. Let y be o(-2). Suppose 0*u + y*u = -5*t + 245, -5*t + 238 = -2*u. Let w = t + -2. What are the prime factors of w?
2, 23
Suppose u - 25 = -0*u + 3*m, 0 = -2*m + 6. List the prime factors of u/(1 - (0 - 0)).
2, 17
Let z(v) = -68*v - 2. Let s be z(-1). Suppose -221 = -5*t - s. List the prime factors of t.
31
What are the prime factors of (-384350)/(-400) + (-2)/(-16)?
31
Let g be ((-2)/5)/((-15)/(-2325)). What are the prime factors of 4 - 1 - g/1?
5, 13
Suppose 4*o + 2*i - 232 = -3*i, 193 = 3*o - i. Suppose 4*g = 3*b - 145, 76 + 89 = -4*g - b. Let p = o + g. List the prime factors of p.
23
Let i(w) = w**2 + 10*w - 9. Let a be i(-11). Let b be 66/a + 0/3. Let h = b - 13. List the prime factors of h.
2, 5
Suppose 266 = -4*k + 30. Let f be -2*1 + -2 - 440/(-4). Let a = f + k. What are the prime factors of a?
47
Let c = 216 - 110. Let z = -46 + c. List the prime factors of z.
2, 3, 5
Let i(z) = -6 - 13*z**2 + 28*z**2 - 13*z**2 - 15*z. What are the prime factors of i(10)?
2, 11
Let u be (2/4)/(1/(-2)). What are the prime factors of 1 + u - (-58)/2?
29
Let t = 561 - 27. Suppose 5*g = t + 401. List the prime factors of g.
11, 17
Suppose -q - 45 = -2*m, 33 = 5*m - q - 78. Suppose 5*k = 78 + m. What are the prime factors of k?
2, 5
Let x(p) = -2*p**3 - 4*p**2 - 2*p. Let v be x(-2). Suppose -v*w = -0*w. Suppose 3*u - 34 - 35 = w. What are the prime factors of u?
23
Suppose 0 = -m - 2*m - 72. Let l be ((-3)/2)/((-9)/m). What are the prime factors of (0 + 30)/(-3 - l)?
2, 3, 5
Let h = -19 - -20. Let p be h + -3 - 4/(-2). List the prime factors of (-1)/(1/(p - 3)).
3
Let j be 2 - -16 - (1 - 0). Let v(u) be the first derivative of -u**4/4 + 16*u**3/3 + 17*u**2/2 + 16*u + 51. What are the prime factors of v(j)?
2
Let g = 37 - -303. List the prime factors of g.
2, 5, 17
Let j(a) be the third derivative of -a**6/40 + a**5/20 + a**4/12 + a**3/3 - 14*a**2. List the prime factors of j(-2).
2, 17
Let b(m) = m**3 + 7*m**2 + 8*m + 10. Let y be b(-6). Let f be ((-66)/(-44))/(y/(-4)). Suppose f*r + t - 1 = 185, -3*r = 5*t - 174. List the prime factors of r.
3, 7
Let j be (-88)/3 - (-4)/12. Let r be 2/12 + j/(-6). Suppose -5*l + 24 = 2*q - 0*l, -r*l + 30 = 5*q. List the prime factors of q.
2
Let k(w) = w**2 - w - 3. Let j be k(3). Suppose -5 = -2*f + j*f. What are the prime factors of (f/4)/((-2)/40)?
5
Suppose -8090 = -19*d + 24191. What are the prime factors of d?
1699
Let n = -53 + 49. What are the prime factors of ((-2)/((-16)/(-244)))/(2/n)?
61
Suppose 12*x - 30*x = -1206. What are the prime factors of x?
67
Let h be 12 + -12 - (-19 + 0 + 1). Suppose -d = -31 - h. List the prime factors of d.
7
Suppose -2*x - x + 2042 = h, -2*x + 4*h + 1338 = 0. Suppose 2*t + 10 = 0, 269 = -5*y + 2*t + x. List the prime factors of y.
2, 5
Suppose 0 = -j + 3*q + 612, 0*q = -5*j + 2*q + 2995. Let r = j + -1309. List the prime factors of r/(-56) + 4/14.
13
Suppose s + 12 - 2 = 0. Let g = -8 - s. List the prime factors of 2/g*(5 + 19).
2, 3
Suppose 10 = 4*g + g. Let a be 6/(-9)*-3*3. Suppose -60 = -g*u + b, 10 + a = -4*b. What are the prime factors of u?
2, 7
Let i = 259 + -183. Suppose -3*m - 2*u - i = -314, 5*u = 3*m - 266. List the prime factors of m.
2, 41
Let t = 138 + -13. What are the prime factors of t?
5
Let i(n) = 3*n**2 + 4*n - 11. What are the prime factors of i(15)?
2, 181
Let d(o) = 2*o - 11. Let b be d(0). Let q = 5 + b. Let x(y) = -4*y + 3. What are the prime factors of x(q)?
3
Let u(r) = 4*r + 12. Suppose 6 + 44 = 5*f. List the prime factors of u(f).
2, 13
Let m(f) = 2*f**3 + 4*f**2 - 7*f + 1. Let i(g) = 5*g**3 + 8*g**2 - 13*g + 2. Let u(w) = 4*i(w) - 7*m(w). List the prime factors of u(3).
2, 5, 19
Let c = -1 + -1. Let m be -1 - (c + 3 - 5). Suppose 5*b + 5*j - 86 = j, b = m*j + 2. List the prime factors of b.
2, 7
Suppose a + r + 81 = 404, -5*a - 3*r + 1619 = 0. What are the prime factors of a?
5, 13
Suppose 5*n + 3*u + 351 = 0, -5*n - 2*u - 138 = -3*n. Let m = n + 140. What are the prime factors of m?
2, 17
Suppose 5*h = 3*y - 1695 + 5461, 0 = -5*h - 4*y + 3787. What are the prime factors of h?
5, 151
Suppose -127 = 3*h + 5*g, -h + g - 45 = -0*h. Let u = 7 + 3. List the prime factors of 110*(-4 - h/u).
2, 11
Suppose 35*i - 40620 = 15*i. List the prime factors of i.
3, 677
Let j(a) = -7*a + 3. Let d(y) = -20*y + 9. Let w(x) = 6*d(x) - 17*j(x). Let v(u) = -u**2 + u + 2. Let s be v(3). What are the prime factors of w(s)?
7
List the prime factors of 6 + -4*836/(-8).
2, 53
Let s = -15 + 21. Suppose s = 16*k - 14*k. Let j = k + 24. What are the prime factors of j?
3
Let v(i) = -2*i**2 + 24. Suppose -7 = 4*g + 1. Let a be g/9 + 4/18. List the pri